 1549?
368
What is the remainder when 1190 is divided by 1072?
118
What is the remainder when 544905 is divided by 189?
18
Calculate the remainder when 258573 is divided by 573.
150
Calculate the remainder when 1277696 is divided by 18.
2
Calculate the remainder when 18740910 is divided by 13610.
13550
Calculate the remainder when 80124048 is divided by 215.
213
What is the remainder when 214562889 is divided by 480?
9
Calculate the remainder when 144378 is divided by 376.
370
Calculate the remainder when 382308 is divided by 805.
738
What is the remainder when 10710359 is divided by 78?
23
Calculate the remainder when 131464555 is divided by 9.
7
Calculate the remainder when 100936 is divided by 2871.
451
What is the remainder when 13798449 is divided by 76?
41
What is the remainder when 81172752 is divided by 787?
785
What is the remainder when 179971 is divided by 89851?
269
What is the remainder when 73113664 is divided by 196?
176
Calculate the remainder when 1239355 is divided by 229.
7
Calculate the remainder when 13400376 is divided by 41.
18
Calculate the remainder when 2005367888 is divided by 21.
20
What is the remainder when 1108139 is divided by 368231?
3446
What is the remainder when 16733998 is divided by 521?
520
Calculate the remainder when 18497997 is divided by 19.
15
What is the remainder when 122088803 is divided by 1052?
1047
What is the remainder when 288908 is divided by 57686?
478
Calculate the remainder when 12972 is divided by 2215.
1897
Calculate the remainder when 143036 is divided by 8412.
32
What is the remainder when 4933015 is divided by 170103?
28
What is the remainder when 25980030 is divided by 121?
120
Calculate the remainder when 9841758 is divided by 22.
14
What is the remainder when 201892 is divided by 20173?
162
Calculate the remainder when 2870061 is divided by 956664.
69
Calculate the remainder when 263124 is divided by 1463.
1247
What is the remainder when 1992158 is divided by 40?
38
Calculate the remainder when 648258111 is divided by 9424.
9423
What is the remainder when 6830064 is divided by 83293?
38
Calculate the remainder when 74725 is divided by 4662.
133
Calculate the remainder when 151604 is divided by 737.
519
What is the remainder when 8381703 is divided by 1676339?
8
Calculate the remainder when 722359 is divided by 6636.
5671
Calculate the remainder when 834856 is divided by 21967.
110
What is the remainder when 28179 is divided by 13416?
1347
Calculate the remainder when 216020 is divided by 113.
77
Calculate the remainder when 26372173 is divided by 2734.
9
What is the remainder when 39641 is divided by 6272?
2009
Calculate the remainder when 270964 is divided by 19337.
246
What is the remainder when 6213161 is divided by 2071053?
2
What is the remainder when 33225005 is divided by 982?
17
Calculate the remainder when 575563 is divided by 302.
253
Calculate the remainder when 662567682 is divided by 1529.
1525
Calculate the remainder when 301374 is divided by 100433.
75
What is the remainder when 13908 is divided by 786?
546
Calculate the remainder when 592803 is divided by 952.
659
Calculate the remainder when 582810 is divided by 98.
4
What is the remainder when 696323 is divided by 4169?
100
What is the remainder when 346351594 is divided by 784?
778
Calculate the remainder when 678092 is divided by 120.
92
Calculate the remainder when 56369 is divided by 1781.
1158
What is the remainder when 111377235 is divided by 21?
18
What is the remainder when 108958 is divided by 926?
616
Calculate the remainder when 636779 is divided by 318133.
513
Calculate the remainder when 2138236 is divided by 520.
516
What is the remainder when 2449873 is divided by 612466?
9
Calculate the remainder when 365510 is divided by 6.
2
What is the remainder when 3249003 is divided by 17187?
660
Calculate the remainder when 432920 is divided by 144206.
302
Calculate the remainder when 44605 is divided by 254.
155
What is the remainder when 3171756 is divided by 31?
22
What is the remainder when 90180 is divided by 45069?
42
What is the remainder when 54580 is divided by 237?
70
What is the remainder when 3239 is divided by 2803?
436
Calculate the remainder when 1733397 is divided by 72224.
21
What is the remainder when 9715 is divided by 733?
186
What is the remainder when 1566627 is divided by 195827?
11
Calculate the remainder when 86066 is divided by 12210.
596
Calculate the remainder when 63790 is divided by 20915.
1045
Calculate the remainder when 13169202 is divided by 35.
32
Calculate the remainder when 31397341 is divided by 15698670.
1
What is the remainder when 53421 is divided by 17768?
117
Calculate the remainder when 13790726 is divided by 656701.
5
What is the remainder when 12823161 is divided by 2134?
2089
What is the remainder when 381117195 is divided by 21?
18
Calculate the remainder when 14563766 is divided by 77.
63
Calculate the remainder when 22099480 is divided by 1481.
1479
What is the remainder when 55307013 is divided by 235?
233
What is the remainder when 526660 is divided by 221?
17
What is the remainder when 28884377 is divided by 242?
225
What is the remainder when 4032374 is divided by 14?
10
Calculate the remainder when 350217 is divided by 1050.
567
Calculate the remainder when 17382 is divided by 8193.
996
What is the remainder when 4915966 is divided by 2974?
2918
Calculate the remainder when 12145916 is divided by 2683.
2658
What is the remainder when 323431 is divided by 21562?
1
Calculate the remainder when 57732328 is divided by 15.
13
Calculate the remainder when 8021598 is divided by 76.
26
Calculate the remainder when 22705898 is divided by 795.
698
What is the remainder when 92779971 is divided by 2319499?
11
What is the remainder when 3581778 is divided by 115541?
7
What is the remainder when 166941009 is divided by 14288?
17
Calculate the remainder when 3477362 is divided by 3037.
3034
What is the remainder when 1664643 is divided by 1673?
8
Calculate the remainder when 7099078 is divided by 438.
412
What is the remainder when 190272 is divided by 261?
3
Calculate the remainder when 581059 is divided by 5939.
4976
What is the remainder when 3293151 is divided by 65863?
1
What is the remainder when 47157 is divided by 5879?
125
What is the remainder when 3946912 is divided by 75902?
8
Calculate the remainder when 84205 is divided by 1386.
1045
What is the remainder when 6779970 is divided by 23?
7
What is the remainder when 2932671 is divided by 35333?
32
What is the remainder when 36156142 is divided by 6189?
4
What is the remainder when 2839915 is divided by 332?
319
Calculate the remainder when 6614 is divided by 885.
419
Calculate the remainder when 36556641 is divided by 691.
668
What is the remainder when 34159 is divided by 4267?
23
What is the remainder when 44876 is divided by 22146?
584
Calculate the remainder when 2597413 is divided by 1298703.
7
What is the remainder when 7141879 is divided by 1190312?
7
Calculate the remainder when 10444849 is divided by 41947.
46
Calculate the remainder when 178543 is divided by 16187.
486
What is the remainder when 682723 is divided by 2?
1
Calculate the remainder when 247956 is divided by 6525.
6
Calculate the remainder when 78871 is divided by 1291.
120
What is the remainder when 74966 is divided by 371?
24
What is the remainder when 784058 is divided by 28?
2
Calculate the remainder when 1933627 is divided by 667.
661
What is the remainder when 4968303 is divided by 42?
39
Calculate the remainder when 344406682 is divided by 1934869.
0
What is the remainder when 1384983 is divided by 276?
15
Calculate the remainder when 3770811 is divided by 4112.
107
What is the remainder when 1509773 is divided by 376980?
1853
What is the remainder when 46943 is divided by 46778?
165
Calculate the remainder when 73301429 is divided by 24433807.
8
Calculate the remainder when 748048 is divided by 3815.
308
Calculate the remainder when 702227416 is divided by 1601.
1599
What is the remainder when 25953 is divided by 251?
100
What is the remainder when 104289 is divided by 11214?
3363
What is the remainder when 165560 is divided by 32819?
1465
What is the remainder when 6621746 is divided by 17?
8
What is the remainder when 